. Calculate v(1).
-1
Let t = -15297 - -15299. Let i(l) = -4*l**2 - l - 2. Determine i(t).
-20
Let m(s) = -s**3 + 5*s**2 + 5*s + 8. Let g = -207 + 206. Let z be 2/(-1)*(0 - g) - -8. Determine m(z).
2
Suppose -4*t + 51 = -3*v, t + 3*v = 7 + 2. Let n be (9 + 2 + -5)*t/(-18). Let h(j) = j**3 + 5*j**2 + 4*j + 4. Give h(n).
4
Suppose p - 4*x = 559, -6 = x - 4*x. Let o be (p/(-84))/((-1)/8). Let j = o - 55. Let c(l) = 14*l**3 - l - 1. Give c(j).
-14
Let p(j) = -175*j - 146. Let b(h) = 32*h + 29. Let m(y) = -11*b(y) - 2*p(y). Calculate m(-18).
9
Let f(a) = -3*a + 3. Let w(j) = -j + 16. Suppose -4*x - 2*v + 72 = 22, 4*x - 41 = v. Let i be w(x). Suppose k + 2*t - 2 = -i, -3 = t. Give f(k).
-6
Let c = -4029 + 4032. Let n(o) = 8*o + 0*o**2 - 2*o - o**2 - 1. Give n(c).
8
Let d = -31117 + 31106. Let k(v) = -v**3 - 11*v**2 + 8. Determine k(d).
8
Let q(h) = 17*h + 238. Let w be (39/26)/((-3)/26). What is q(w)?
17
Let m(s) = 4. Let f(y) = y**2 - 1. Let o(w) = -5*f(w) - m(w). Let l(d) = -d**2 - 5*d + 15. Let g be 2/(-10 + 4)*21. Let p be l(g). Give o(p).
-4
Let x(a) = -a**2 + 4. Suppose 0 = -331*i + 329*i + 10. Suppose 17*l + 9 = -d + 13*l, -24 = -i*d + 3*l. Give x(d).
-5
Let m(b) = -2*b**2 + 3*b - 3. Let k be m(2). Suppose -18 - 2 = -10*t. Let q(d) = 715*d - 360*d - 354*d - t. Calculate q(k).
-7
Let h(l) = -158*l**2 + 18*l + 6. Let p(q) = 211*q**2 - 20*q - 5. Let u(x) = -4*h(x) - 3*p(x). Let k = 18 + -29. Determine u(k).
2
Let x(v) be the second derivative of 9/2*v**2 + 1/24*v**4 + 0 - 1/3*v**3 - 21*v. Let s(d) be the first derivative of x(d). Determine s(7).
5
Suppose -141*b + 0 + 60 = -151*b. Let p(z) = 3*z + 10 + 3 - 3 + 2. Calculate p(b).
-6
Let d(y) = -4 + 218044*y + 3 - 218038*y + 7 + 5. Calculate d(-6).
-25
Let f(k) = k**3 + 2*k**2 + 8*k + 17. Let q be f(-2). Let p be 2*45/18*(q - 0). Let v(j) = j**3 - 4*j**2 - 4*j + 5. Determine v(p).
10
Let v(q) = -19*q - 130. Let j(z) = z**3 + z**2 - 89*z + 289. Let i be j(5). Give v(i).
-16
Let k(x) = -x**3 - 17*x**2 + 10. Let c be k(-17). Let p be ((-72)/(-40))/(3/c). Let h(r) = -109*r - p + 110*r + 4. Give h(7).
5
Suppose 19*s - 22*s + 59 = -4*j, 5*j = 5*s - 90. Let t(o) = -12*o + 151. What is t(s)?
-5
Let j(r) = -79 - 8*r + 75 - 29*r - 197 - 16*r. Determine j(-4).
11
Let n(b) = 16*b + 123. Let u be n(0). Let p(c) = -u + 4*c + 61 - c**2 + 58. Give p(6).
-16
Suppose -2*l + 5*l - 5*h - 104 = 0, l - h - 34 = 0. Let k(m) = -4*m**2 + 33*m - l*m + 2 + m**3. Calculate k(3).
-7
Let u(b) = b**3 - b**2 - 6*b - 3. Let r(v) = 6*v**2 + 152*v + 49. Let c be r(-25). Determine u(c).
1
Let v(b) = -2*b**3 - 12*b**2 + 3*b - 11. Let o be 217/(-35) + 1/5. Calculate v(o).
-29
Let x(o) = o**3 + 5*o**2 + 4*o + 1. Suppose -8*h - 107 = -355. Let f(a) = 3*a**2 + 1. Let q be f(-3). Let c = q - h. What is x(c)?
7
Let r(s) be the second derivative of s**3/6 - 7*s**2/2 - 369*s. Let n = 1 - -7. Let t = n + -8. Give r(t).
-7
Let d(x) = x**3 - 4*x**2 + 2. Suppose 2*r + 2*r + 20 = 0, 4*f - 2*r = 54. Suppose -11 = -5*g - f. Let k(a) = -a**2 + 4. Let y be k(g). Calculate d(y).
2
Let s(u) be the second derivative of 5*u**3/3 + 32*u**2 + 5*u - 153. What is s(-11)?
-46
Let c(w) = -2*w**2 - 3*w + 4. Let v = 40 + -37. Suppose -v = 2*h - j - 2, 2*h = -5*j + 17. Let b(q) = q**2 + q - 1. Let m(d) = h*c(d) + 4*b(d). Calculate m(1).
3
Let x(a) = 516*a**2 - 136 - 236*a**2 - 279*a**2 - 4*a. Determine x(14).
4
Let v(t) be the third derivative of 1/15*t**5 - 1/120*t**6 + 7*t**2 + 0 + 0*t + 5/6*t**3 + 7/24*t**4. Suppose 10*w - 744 = -114*w. What is v(w)?
-25
Let i(u) be the third derivative of u**5/60 + 13*u**4/24 - u**3/2 - 18*u**2. Calculate i(-9).
-39
Let r(f) be the second derivative of -f**3/3 + 6*f**2 - 25*f - 3. Determine r(6).
0
Let q(l) = -3*l**3 - 19*l - 49. Let x(u) = 8*u**3 + 58*u + 133. Let p(s) = -11*q(s) - 4*x(s). Give p(-5).
-3
Let u(w) be the second derivative of w**4/6 - 8*w**3/3 + 19*w**2/2 - 684*w - 3. What is u(2)?
-5
Let h(s) = -2*s**3 + 100*s**2 - 285*s + 148. Let d be h(47). Let l(v) be the third derivative of v**4/8 - v**3/2 - 2*v**2. Give l(d).
18
Let k(a) be the first derivative of -a**7/840 - a**6/45 - a**5/15 - a**4/24 - 2*a**3/3 - 79*a + 83. Let w(d) be the third derivative of k(d). Give w(-7).
6
Let h(i) = -i**2 - 3*i + 2. Let t be h(-3). Let q be (-10)/t - (21 - 30). Let c(v) = 4*v - 10. Calculate c(q).
6
Let n(s) = 4*s - 16. Let f(l) = l**2 - 73*l + 406. Let a be f(6). What is n(a)?
0
Let b be 6/(-4)*-1*(-432)/81. Let w be 9/12*(-64)/b. Let l(x) = 4*x**2 - 4 + x**2 - 8*x**3 + 8*x + 7*x**3. Determine l(w).
8
Let w(z) be the first derivative of -z**3/3 - 4*z**2 - 19*z + 1566. Calculate w(-4).
-3
Let s(i) = 2*i**2 + 129*i + 17. Let n(t) = t**2 + 89*t + 12. Let l(h) = -7*n(h) + 5*s(h). Calculate l(-9).
46
Let y(l) be the first derivative of -l**4/4 - 3*l**3 - 11*l**2/2 - 20*l + 2. Let o = 16959 - 16967. Calculate y(o).
4
Let g be ((-6)/9)/((-10)/(-60)). Let y = g - -3. Let j(x) = -10*x + 1. Give j(y).
11
Let n(o) be the third derivative of -o**5/40 + 5*o**4/6 + 53*o**3/3 + o**2 + 1. Let r(u) be the first derivative of n(u). Calculate r(8).
-4
Let i(h) = 21*h**3 - 6*h**2 + h - 6. Let y(z) = -16*z**3 + 6*z**2 - z + 8. Let c(j) = 3*i(j) + 4*y(j). Suppose -2*m - 18 = -5*m. Determine c(m).
8
Let j(m) = m**3 + 5*m**2 + 4*m + 12. Let w(p) = -8 - 37 + 7 + 1 - 4*p. Let h be w(-8). Determine j(h).
-8
Let h(v) = -2*v**2 + 50*v + 114. Let w(y) = 33*y - 732. Let t be w(23). Give h(t).
6
Let a(t) = -t**3 - 6*t**2 - 8*t - 47. Suppose 456*u + 3276 = -90*u. Determine a(u).
1
Let m(a) be the first derivative of -a**3/3 + 8*a**2 - 55*a + 4414. Calculate m(6).
5
Let c(j) = 454*j**3 - 175 - 2*j - 13*j - 15*j - 453*j**3 - 28*j**2 - 6*j**2. Calculate c(35).
0
Let f(g) be the second derivative of g**5/20 - 5*g**4/12 + g**3/6 + 3*g**2/2 + 49*g. Suppose c - 6*c + 15 = 0. What is f(c)?
-12
Let n(d) = 111*d - 1669. Let w be n(15). Let j(i) = -i**2 - 5*i - 5. What is j(w)?
-1
Suppose -3*o = -207 + 60. Suppose 0*y - o = 7*y. Let n(x) = -x**3 - 2*x**2 - 5*x + 6. Let t(w) = -w**2 + w - 2. Let k(p) = -n(p) - 5*t(p). Calculate k(y).
4
Suppose -2*x + 0 = g - 13, 2*x + 2*g - 8 = 0. Let z(r) = 5 + 14 - x - 6 - 4*r. Give z(-8).
36
Let b(g) = g**2 - 8*g - 21. Let i be b(9). Let d(n) be the second derivative of n**4/12 + 11*n**3/6 - 7*n**2/2 - 606*n. Calculate d(i).
5
Let n(g) = g + 2. Let d(i) = i**2 - 3*i - 1. Suppose 8*k - 31 = -15. Let m be d(k). Give n(m).
-1
Let x(o) be the second derivative of -o**3/2 - 3*o**2 - 979*o. Give x(-13).
33
Let k be (9/3)/(1 - 2). Let m be 11/k + (-6)/18. Let z = 1 - m. Let y(a) = -a**3 + 6*a**2 - 7*a - 2. Give y(z).
-12
Let p(g) = -13*g + 23*g**2 - 9*g - 11*g + 30*g - g - 3. What is p(-1)?
24
Let v(w) = 2*w - 3. Let x = -5 - -18. Suppose 4*f - 20 = 4. Let l(o) = -4*o + 6. Let g(q) = f*l(q) + x*v(q). Give g(5).
7
Let d(n) = 2*n**2 + n. Let h(s) = -11*s**2 - 4*s + 7. Let x(t) = -5*d(t) - h(t). What is x(-5)?
23
Let w(b) = b**2 - 7*b + 8. Let m(r) = -r**2 + 6*r - 7. Let k(o) = 3*m(o) + 4*w(o). Let c = 34 + -16. Suppose -2*f = 8, 3*l - 10 - c = f. Calculate k(l).
-5
Let u(m) be the second derivative of -5*m**3/6 - 7*m**2 - 186*m. Let f(j) = -4*j - 15. Let k(p) = 6*f(p) - 5*u(p). Calculate k(14).
-6
Let i(k) = 31*k**3 + 55*k**2 + 36*k + 54. Let q(l) = 11*l**3 + 19*l**2 + 12*l + 20. Let j(d) = 6*i(d) - 17*q(d). Calculate j(8).
16
Let n(t) = 31*t**2 - 7*t**2 + 18*t**2 + 142*t - 141*t. Calculate n(-1).
41
Suppose 13*a - 6*a = 14. Let s(k) = -a*k - 10 - 3*k + 7*k - k. Determine s(10).
0
Let g(a) = 7*a - 25. Let b(t) = -t**3 + 9*t**2 + 9*t + 14. Let s be b(10). Give g(s).
3
Let x(g) be the second derivative of g**5/20 - 7*g**4/6 - 8*g**3/3 + 15*g**2/2 + g. Let h be (-3159)/(-162) + 6*12/(-16). Give x(h).
0
Let s(m) be the first derivative of 3*m - 1/4*m**4 - 4/3*m**3 + m**2 + 86. Give s(-5).
18
Let f(d) = -d**2 + 6*d - 1. Let b(y) = -2*y - 135. Let m be b(-35). Let a = 69 + m. What is f(a)?
7
Let l be (-28)/154 - (-477)/(-99). Let j(o) = -o**2 - o + 1. Let v(r) = -4*r**2 - 8*r - 5. Let m(w) = 3*j(w) - v(w). Determine m(l).
8
Let v(o) = o**3 + 6*o**2 - 3*o + 4. Suppose 8*t + 32 = 4*c, 6*t + 4*c = t - 46. What is v(t)?
22
Let d(r) be the first derivative of -1/6*r**3 - 29*r + 34 + 2*r**2. Let n(m) be the first derivative of d(m). Calculate n(-3).
